alculate j(c).
-23
Let t be ((-1)/(-2))/(((-720)/(-32))/(-45)). Let w(y) = -y**3 + 4*y**2 + 2*y - 2. Give w(t).
1
Let p(b) be the second derivative of -2*b**3/3 + 3*b**2/2 - 7*b. Suppose -5*f = 5*f + 2250. Let c = -223 - f. Calculate p(c).
-5
Let i = 407 + -405. Let d(j) = j - 2 + 18*j**2 + 6*j**2 - 19*j**i - j. Determine d(-2).
18
Let s(a) = 5*a - 119 - 21*a - 126 + 291. Calculate s(3).
-2
Let b(o) = -3*o**2 - 23*o + 36. Suppose 4*m + 107 - 121 = -2*p, 0 = -m + 8. What is b(p)?
0
Let o(w) = 23*w - 122*w**2 + 121*w**2 - 12*w + 4. Determine o(11).
4
Let y(l) be the third derivative of l**4/8 - l**3/3 - 4*l**2. Let v = -5705 - -5712. Calculate y(v).
19
Let f(x) = 2*x + 36. Let w(l) = -l**2 - 234*l + 2416. Let v be w(10). What is f(v)?
-12
Let f(j) = -j**3 + 6*j**2 + 3*j + 5. Suppose 4*h + 246 = 1058. Let b = h - 197. What is f(b)?
23
Suppose 5*i + 3*u = 26 + 37, 58 = 5*i - 2*u. Let f(j) be the third derivative of -j**4/24 - 5*j**3/3 + 2*j**2 + 2*j - 23. Give f(i).
-22
Let b(o) = o**3 - 12*o**2 - 2*o + 26. Let c be ((-5)/(-15)*-9 + 14/4)*24. Calculate b(c).
2
Suppose -18*j + 944 = -352. Let k(s) = j + s - 138 + 68. What is k(3)?
5
Let p = -26 + 51. Suppose 5*s - p = -0. Let y(c) = c - s - 7*c + 3*c + 2. What is y(-3)?
6
Suppose 56*d - 19*d = 35*d + 18. Let h(r) = 3*r - 2 - 2*r + 0. Calculate h(d).
7
Let z(j) = -33*j + 85*j - 31*j - 24*j + j**2. Calculate z(4).
4
Let k be (-274 - 28)/((2/1)/6). Let o = -904 - k. Let p(f) = 2*f + 4. What is p(o)?
8
Let t(j) = 8*j + 37. Let y be t(-4). Suppose 22 = -4*s + 5*s + 4*n, y*s - 14 = 4*n. Let l(k) = -7*k + 3 - 2*k - k**3 + 7*k**2 + k. Calculate l(s).
-9
Let w(q) = 9*q**3 + 13*q**2 + 3*q + 12. Let s(h) = -4*h**3 - 6*h**2 - h - 6. Let u(m) = -7*s(m) - 3*w(m). Let x be (-178)/267*(-2 + (-19)/(-2)). Calculate u(x).
-34
Let b = 11507 - 11519. Let w(t) = 40*t + 483. What is w(b)?
3
Let l(z) = -4*z**2 - 1. Suppose 2*h = -3*x + 413, -3*x + 1 = 4. Let y = h + -207. Calculate l(y).
-5
Let o(h) be the first derivative of -1/2*h**3 - 16*h - 14 + 1/2*h**2. Let g(c) be the first derivative of o(c). Give g(3).
-8
Let t be 4/6 - 26/(-6). Suppose -4 = -2*x - 3*z, -z + 2*z = 2*x - 4. Let w(c) = c + 7*c**2 - 16*c**2 + 3 + 2*c + 8*c**x. Give w(t).
-7
Suppose 4*c - 3*g = 240, -4*c + 3*g = 2*g - 240. Suppose 13*y - c = 8*y. Suppose -5*q - y = -q. Let d(o) = o**3 + o**2 - 5*o - 3. Determine d(q).
-6
Let j be ((-364)/35 - -10)*-20. Let y(h) = -8 + h + 0 + 7*h - h**2 - h. What is y(j)?
-16
Suppose -22 = 4*b - g, b - 6*b - 23 = g. Let i(s) = 2*s + 59. Let f be i(0). Let p(t) = -3*t - 185 + 56 - t**3 - 6*t**2 + 63 + f. Calculate p(b).
-17
Let f(b) = b**2 - 4*b - 24. Let c be 4/18 - 1343/(-153). Determine f(c).
21
Let l(k) = k**3 + 5*k**2 - 10*k + 2. Suppose 24*y - 2421 = 5595. Let p = -341 + y. What is l(p)?
-26
Let i(z) = -391 + 995*z + 433 - z**3 - 10*z**2 - 990*z. Determine i(-10).
-8
Let f(r) = -2*r**3 - 37*r**2 + 30*r + 201. Let y be f(-19). Let q(j) = -j**3 - 7*j**2 + 6*j - 6. Give q(y).
10
Let t(r) be the first derivative of -r**3/3 + r**2/2 - 5*r + 5729. Determine t(-5).
-35
Let c(o) = -o**2 + 10*o - 12. Let a(f) = 3*f**2 - 29*f + 35. Let n = 598 + -604. Let k(z) = n*a(z) - 17*c(z). Calculate k(3).
-3
Let c = 101 + -94. Let b(p) = -8 + 4 - 4*p - 4*p - p + c*p. Let w be (-30)/(-7) - (-2)/(-7). Determine b(w).
-12
Let x(f) be the third derivative of -f**6/40 - f**5/30 + f**4/12 - f**3/6 + 23*f**2. Let h be 7 - ((-55)/(-10) + -6)*-12. Calculate x(h).
-4
Let r(g) = g**2 + 31*g + 67. Suppose 4*u = -52165 + 52053. Determine r(u).
-17
Let t be (-6 - 6/(-9))*27/(-36). Let h(m) be the third derivative of 1/60*m**5 + 4*m**2 + 0 + 1/12*m**4 + 0*m - m**3. Give h(t).
18
Let m(y) be the first derivative of -y**2/2 - 4*y + 6. Suppose 2*w = -2*b - 4, -b + 4*w + 19 = 1. Suppose -3 = -b*l + 11. Calculate m(l).
-11
Let i = 157 + -147. Suppose 4*j = -r + 5*j - i, r = 4*j - 25. Let k(x) = 2*x + 7. Give k(r).
-3
Suppose 2*s + 6 + 24 = 4*o, 2*o = -2*s + 6. Let n(l) = -2*l**2 + 12*l + 4. Calculate n(o).
4
Let h(c) = -4*c**2 - 4. Let p(m) = 11*m**2 + 12. Let y(w) = -8*h(w) - 3*p(w). Let x = 1900 + -1903. Calculate y(x).
-13
Let i(b) = -5*b - 11. Let f(z) = 6*z + 10. Let l(d) = -6*f(d) - 7*i(d). Let x(t) = t - 11. Let k be x(5). Let u = 6 + k. Determine l(u).
17
Suppose 68*i - 23*i = 7*i - 38. Let f(g) be the second derivative of 7*g**4/12 + g**2/2 + g. What is f(i)?
8
Let i(h) = 73*h + 23. Let n(m) = -239*m - 68. Let z(d) = -13*i(d) - 4*n(d). Calculate z(13).
64
Let w = -4 - 0. Let a(z) = z**3 + 4*z**2 + z - 3. Let p be a(w). Let h(k) be the second derivative of k**3/6 + 2*k**2 - 377*k. Determine h(p).
-3
Suppose -57 = 48*h - 537. Let i(q) = -2*q**2 + 2 - 10 + 0 - 6 - 6*q. Let k(d) = -3*d**2 - 13*d - 28. Let p(z) = 5*i(z) - 3*k(z). Determine p(h).
4
Suppose 243*x - 242*x - 2*d - 17 = 0, 31 = 3*x - d. Let a(o) = -2*o - 2*o + 11*o**2 - 3*o**3 - 9*o + 2*o**3 - 2. Calculate a(x).
43
Let u(q) be the first derivative of -q**3/3 + 3*q**2/2 + 2*q + 962. Let h be 4 - (0 - (0 - 2)). Give u(h).
4
Let x be (24/18)/((-8)/24). Let i(z) = z**2 - 4*z + 3. Let n be i(4). Let s(v) = n + v + 0*v + 1 + 1 + v**2. Calculate s(x).
17
Let b(w) be the first derivative of -1/3*w**3 - 7*w + 3*w**2 + 11. Let d(t) = -t**2 + 28*t - 70. Let j be d(25). Determine b(j).
-2
Let y(k) = -k + 10. Let m be y(2). Let d(b) = -5 - m + 0*b - b. Let z be d(-17). Let f(q) = 4*q + 2. Calculate f(z).
18
Let d(h) = -19*h**2 - 42*h + 26. Let x(g) = 16*g**2 + 37*g - 23. Let l(c) = 8*d(c) + 9*x(c). What is l(-3)?
-62
Let v(z) = -z**2 - z + 4. Suppose -4*r + 4 = -2*r. Let l(w) = 3*w**2 - 4*w**2 + w - 12 - r*w - 12*w. Let y be l(-12). Determine v(y).
4
Let l(j) = j**2 + 14*j - 16. Suppose -66*a - 121 + 58 = 399. Give l(a).
-65
Let b = -26 + 31. Suppose b = o - 4*f, 8*f = 4*o + 3*f - 20. Let a(v) = -v**3 + 4*v**2 + 7*v - 5. Calculate a(o).
5
Let i(w) = -w**3 + 17*w**2 - 6*w - 5. Suppose -5*x = -3*b - 79, -15*x - 74 = -19*x - 3*b. Calculate i(x).
-107
Let j(s) = 1958*s - 52217. Let v(n) = -40*n + 1066. Let l(g) = -2*j(g) - 99*v(g). Calculate l(25).
0
Let s(d) be the first derivative of -5*d**4/4 + d**3/3 + 3*d**2/2 - 2*d - 1048. Calculate s(1).
-3
Let t(a) = -257*a**3 + 109*a**3 + 5 + 8*a - 4*a**2 + 0 + 147*a**3. Suppose -4*q - 7 = 13. Give t(q).
-10
Let z(n) = 6*n**2 + 78*n - 6. Let x(r) = 5*r**2 + 67*r - 6. Let t(h) = 5*x(h) - 4*z(h). Determine t(-25).
44
Let y(g) = 19*g - 11. Let h(s) = 1. Let m(x) = h(x) + y(x). What is m(1)?
9
Let h = -5 + 0. Let z(d) = -d**3 + 8*d + 7 - 4*d - 5*d**2 - 3*d**2 + 3*d**2 - 2. Give z(h).
-15
Suppose -5*r + 215 = 5*d, d = 6*d + r - 231. Let s(n) = -3*n**2 + 142*n - 49. Let q be s(d). Let b(a) be the first derivative of -5*a**2/2 - 1. Determine b(q).
10
Let b(d) = -18*d - 96. Let s be (-76)/(15 - -4) + -1. Calculate b(s).
-6
Let q be 72/14 + (17 - (-1440)/(-84)). Let j(l) be the third derivative of 1/60*l**5 + 0*l**4 - q*l**2 + 11/6*l**3 + 0*l + 0. Give j(0).
11
Let d(h) be the third derivative of h**8/6720 + h**7/2520 - h**5/10 + 22*h**2 + h. Let u(k) be the third derivative of d(k). Let m = -41 - -39. Determine u(m).
8
Suppose 4*d = 20*g - 23*g + 32, 3*g = -5*d + 34. Let r(l) be the third derivative of l**5/20 - l**4/12 - l**3/3 + l**2. Give r(d).
6
Let c = -39 - -41. Let j(f) = 3*f**2 - 22*f**c + 18*f**2 + 20*f**2. What is j(1)?
19
Let r(n) be the third derivative of -n**6/120 - n**5/10 - n**4/12 + n**3/6 - 15*n**2. Let u be ((-160)/(-3))/(-8) + 2/3. Calculate r(u).
13
Let f(i) = 12*i + 1. Suppose 2*o = -w - 3*o + 88, -238 = -3*w - 2*o. Let h = w - 80. Give f(h).
-23
Let u(o) be the third derivative of o**6/120 - o**5/10 + 5*o**4/24 - 5*o**3/6 - 3*o**2 + 4*o. Let i(c) = -2*c**2 - 68*c + 75. Let a be i(-35). What is u(a)?
-5
Let v be (-6 + 7)*69*(-2)/(-3). Suppose v*u = 49*u + 3. Let n(p) = -2*p**2 - 1. Give n(u).
-3
Let v(q) = 22*q + 81. Let p(o) = -70*o - 248. Let w(c) = -6*p(c) - 19*v(c). Give w(25).
-1
Let w(v) = 10*v + 19. Let f(d) = -55*d**2 + 992*d - 42. Let u be f(18). Give w(u).
-41
Let o(s) = 34*s + 29*s - 35*s**2 - 72*s + 4 + 36*s**2. Calculate o(6).
-14
Let i(a) = 3*a**2 + 2 - 6*a - 3*a + 6*a - 2*a**2. Give i(2).
0
Suppose 5*v - 191 = -221. Let g(d) = -5*d**2 + 12*d - 10. Let s(w) = -9*w**2 + 23*w - 20. Let f(y) = v*s(y) + 11*g(y). Determine f(-8).
-6